{"id":4218,"date":"2021-02-06T12:32:58","date_gmt":"2021-02-06T11:32:58","guid":{"rendered":"https:\/\/lyc-jules-ferry.fr\/?page_id=4218"},"modified":"2023-07-12T22:28:55","modified_gmt":"2023-07-12T20:28:55","slug":"escoulaud","status":"publish","type":"page","link":"https:\/\/lyc-jules-ferry.fr\/?page_id=4218","title":{"rendered":"Salle Esther-Coulaud &#8211; Biblioth\u00e8que des professeurs"},"content":{"rendered":"\n<h2 class=\"has-text-align-center wp-block-heading\"><strong>Salle Esther-Coulaud &#8211; Biblioth\u00e8que des professeurs<\/strong><\/h2>\n\n\n\n<figure class=\"wp-block-image size-large\"><img data-recalc-dims=\"1\" decoding=\"async\" src=\"https:\/\/i0.wp.com\/lyc-jules-ferry.fr\/wp-content\/uploads\/2021\/02\/salleEstherCoulaud.jpg?w=525&#038;ssl=1\" alt=\"\"\/><\/figure>\n\n\n\n<p class=\"wp-block-paragraph\">Esther Coulaud na\u00eet le 31 janvier 1885 au Dorat (Haute-Vienne), de Jean-Baptiste, Joseph, Coulaud, charron-forgeron, et de Catherine, Jos\u00e9phine, Pravates, \u00e9pici\u00e8re, domicili\u00e9s porte de Dinsac.<\/p>\n\n\n\n<p class=\"wp-block-paragraph\">Au d\u00e9but de sa carri\u00e8re, elle est surveillante au cours secondaires de jeunes filles de la Ch\u00e2tre, o\u00f9 elle demeure apr\u00e8s la transformation en coll\u00e8ge. Elle est bri\u00e8vement stagiaire \u00e0 l\u2019\u00e9conomat du lyc\u00e9e de gar\u00e7ons de Besan\u00e7on. Elle est ensuite nomm\u00e9e ma\u00eetresse r\u00e9p\u00e9titrice aux lyc\u00e9es de jeunes filles de Gu\u00e9ret et de Moulins. \u00c0 la rentr\u00e9e 1918, elle arrive au lyc\u00e9e Jules-Ferry.<\/p>\n\n\n\n<p class=\"wp-block-paragraph\">D\u00e8s son arriv\u00e9e, on lui attribue un service important en lui confiant les \u00e9tudes des \u00e9l\u00e8ves de baccalaur\u00e9at (2<sup>e<\/sup> partie) et celles de la classe pr\u00e9paratoire scientifique ouverte au lyc\u00e9e en 1917, la premi\u00e8re de France pour les jeunes filles<a href=\"#_ftn1\">[1]<\/a>. La sanction de l\u2019enseignement secondaire des jeunes filles est alors le dipl\u00f4me de fin d\u2019\u00e9tudes secondaires (DFES), qui ne donne pas acc\u00e8s au baccalaur\u00e9at et aux facult\u00e9s. Toutefois, des pr\u00e9parations au baccalaur\u00e9at latin-langues, dont le programmes est proche de ceux de l\u2019enseignement f\u00e9minin, sont organis\u00e9es dans les lyc\u00e9es parisiens de jeunes filles, avec l\u2019appui de professeurs des lyc\u00e9es de gar\u00e7ons, en particulier du lyc\u00e9e Carnot, \u00e0 Jules-Ferry.<\/p>\n\n\n\n<p class=\"wp-block-paragraph\">Comme ma\u00eetresse r\u00e9p\u00e9titrice, c\u2019est-\u00e0-dire charg\u00e9e d\u2019encadrer les \u00e9tudes qui doublaient chaque cours et repr\u00e9sentaient alors presque la moiti\u00e9 du temps scolaire des externes surveill\u00e9es, Esther Coulaud a contribu\u00e9 \u00e0 la pr\u00e9paration de nombreuses lyc\u00e9ennes au baccalaur\u00e9at, qui ne leur est en principe ouvert qu\u2019en 1924, par la r\u00e9forme L\u00e9on B\u00e9rard. Pendant l\u2019Entre-deux-guerres, la pr\u00e9paration au baccalaur\u00e9at du lyc\u00e9e Jules-Ferry est l\u2019une des toute premi\u00e8res de France, avec 213 re\u00e7ues en1920-1922<a href=\"#_ftn2\">[2]<\/a>.<\/p>\n\n\n\n<p class=\"wp-block-paragraph\">D\u2019autre part, la classe pr\u00e9paratoire scientifique \u00e0 laquelle elle a apport\u00e9 son concours, a permis de faire entrer 24 candidates \u00e0 l\u2019\u00c9cole centrale des Arts et Manufactures, 4 \u00e0 l\u2019Institut agronomique, 2 \u00e0 l\u2019\u00c9cole de physique et de chimie de la ville de Paris et un certain nombre \u00e0 la Manufacture de c\u00e9ramique de S\u00e8vres. Une grande proportion des premi\u00e8res femmes ing\u00e9nieures est compos\u00e9e d\u2019anciennes \u00e9l\u00e8ves du lyc\u00e9e Jules-Ferry. Parmi elles, on peut citer <a href=\"http:\/\/archives-histoire.centraliens.net\/pdfs\/biographies\/SebastienneGUYOT.pdf\">S\u00e9bastienne Guyot<\/a>, centralienne (1918-1921), ing\u00e9nieure a\u00e9ronautique, athl\u00e8te repr\u00e9sentant la France aux Jeux olympiques d\u2019Amsterdam 1928 et m\u00e9daill\u00e9e de la R\u00e9sistance fran\u00e7aise.<\/p>\n\n\n\n<p class=\"wp-block-paragraph\">Esther Coulaud demeure tandis que passent quatre directrices&nbsp;: Anna Amieux (1913-1919), Marguerite Caron (1919-1922), Anna Caron (1922-1934) et Jeanne Marquigny (1934-1941). Ses notations administratives r\u00e9v\u00e8lent le fonctionnaire&nbsp;: en 1921, Marguerite Caron \u00e9crit&nbsp;: \u00ab&nbsp;Mlle Coulaud est une des rares r\u00e9p\u00e9titrices que j\u2019aie jamais vues aimant tout \u00e0 fait son service. Son \u00e9tude est conduite avec beaucoup de m\u00e9thode et d\u2019ordre, elle donne ainsi \u00e0 ses \u00e9l\u00e8ves de bonnes habitudes, et les enfants appr\u00e9cient m\u00eame sa fermet\u00e9 \u00e0 leur \u00e9gard&nbsp;\u00bb <a href=\"#_ftn3\">[3]<\/a>. En 1924, Anna Caron, plus nuanc\u00e9e mais au caract\u00e8re plus affirm\u00e9, \u00e9crit&nbsp;: \u00ab&nbsp;Tr\u00e8s exacte, ne manque jamais. S\u2019occupe bien de ses \u00e9l\u00e8ves et leur inspire confiance, elle les conna\u00eet bien et les fait bien travailler en \u00e9tude et les encourage. Bonne \u00e9ducation, semble avoir bon caract\u00e8re, mais je ne suis pas certaine de conna\u00eetre son esprit&nbsp;\u00bb<a href=\"#_ftn4\">[4]<\/a>. En 1935, Jeanne Marquigny confirme&nbsp;: \u00ab&nbsp;Excellente r\u00e9p\u00e9titrice, tr\u00e8s exp\u00e9riment\u00e9e et au courant de la maison, a beaucoup d\u2019autorit\u00e9&nbsp;; fait un service irr\u00e9prochable&nbsp;\u00bb<a href=\"#_ftn5\">[5]<\/a>.<\/p>\n\n\n\n<p class=\"wp-block-paragraph\">Dans les ann\u00e9es 1930, elle est \u00e9lue repr\u00e9sentante du personnel au conseil d\u2019administration&nbsp;; l\u2019inspecteur d\u2019acad\u00e9mie qui le pr\u00e9side \u00e9crit&nbsp;: \u00ab&nbsp;sait, au conseil d\u2019administration, aussi bien justifier la confiance de ses coll\u00e8gues que m\u00e9riter les sympathies de l\u2019administration&nbsp;\u00bb<a href=\"#_ftn6\">[6]<\/a>. En 1938, la directrice regrette qu\u2019elle ne soit pas candidate \u00e0 un poste de surveillante g\u00e9n\u00e9rale<a href=\"#_ftn7\">[7]<\/a> \u2013 qui avaient une importance toute particuli\u00e8re, en l\u2019absence de censeurs des \u00e9tudes, absents des lyc\u00e9es de jeunes filles jusqu\u2019en 1945.<\/p>\n\n\n\n<p class=\"wp-block-paragraph\">Officier d\u2019acad\u00e9mie<a href=\"#_ftn8\">[8]<\/a> en 1919, elle est faite officier de l\u2019Instruction publique<a href=\"#_ftn9\">[9]<\/a> en 1930, distinction qui \u00e9tait loin d\u2019\u00eatre courante parmi les ma\u00eetresses r\u00e9p\u00e9titrices.<\/p>\n\n\n\n<p class=\"wp-block-paragraph\">Le 29 novembre 1938, elle d\u00e9c\u00e8de en son domicile, 8 rue de Berne (Paris 8<sup>e<\/sup>). Les obs\u00e8ques ont lieu le 3 d\u00e9cembre 1938 \u00e0 la Queue-en-Yvelines (Seine-et-Oise), en pr\u00e9sence d\u2019une d\u00e9l\u00e9gation de professeurs et d\u2019\u00e9l\u00e8ves, emmen\u00e9e par la directrice, qui insiste \u00ab&nbsp;sur le vide que laisse dans la maison un fonctionnaire parfait, qui y est rest\u00e9 exactement 20 ans&nbsp;\u00bb<a href=\"#_ftn10\">[10]<\/a>. Le recteur de l\u2019acad\u00e9mie de Paris fait transmettre ses condol\u00e9ances \u00e0 la famille<a href=\"#_ftn11\">[11]<\/a>.<\/p>\n\n\n\n<p class=\"wp-block-paragraph\">La biblioth\u00e8que des professeurs, dans laquelle elle a longtemps travaill\u00e9 comme biblioth\u00e9caire, est baptis\u00e9e \u00ab&nbsp;salle Esther-Coulaud&nbsp;\u00bb. La plaque de laiton de la porte d\u2019entr\u00e9e \u00e9t\u00e9 pos\u00e9e \u00e0 la fin de l\u2019ann\u00e9e de 1938 ou au d\u00e9but de l\u2019ann\u00e9e 1939.<strong><\/strong><\/p>\n\n\n\n<hr class=\"wp-block-separator\"\/>\n\n\n\n<p class=\"wp-block-paragraph\"><a href=\"#_ftnref1\">[1]<\/a> AN, AJ<sup>16<\/sup> 1022. Notes et propositions du chef d\u2019\u00e9tablissement. Paris, le 15 mars 1919.<\/p>\n\n\n\n<p class=\"wp-block-paragraph\"><a href=\"#_ftnref2\">[2]<\/a> D\u2019apr\u00e8s les donn\u00e9es publi\u00e9es dans <em>Agr\u00e9g\u00e9es<\/em>, novembre 1922 et mars 1923. Cit\u00e9 par Fran\u00e7oise Mayeur, <em>L\u2019enseignement secondaire des jeunes filles sous la Troisi\u00e8me R\u00e9publique, <\/em>Paris, Presses de la Fondation nationale des sciences politiques, 1977<em>, <\/em>p. 427.<\/p>\n\n\n\n<p class=\"wp-block-paragraph\"><a href=\"#_ftnref3\">[3]<\/a> AN, AJ<sup>16<\/sup> 1022. Notes et propositions du chef d\u2019\u00e9tablissement. Paris, le 11 avril 1921.<\/p>\n\n\n\n<p class=\"wp-block-paragraph\"><a href=\"#_ftnref4\">[4]<\/a> AN, AJ<sup>16<\/sup> 1022. Notes et propositions du chef d\u2019\u00e9tablissement. Paris, le 22 avril 1924.<\/p>\n\n\n\n<p class=\"wp-block-paragraph\"><a href=\"#_ftnref5\">[5]<\/a> AN, AJ<sup>16<\/sup> 1022. Notes et propositions du chef d\u2019\u00e9tablissement. Paris, le 8 janvier 1935.<\/p>\n\n\n\n<p class=\"wp-block-paragraph\"><a href=\"#_ftnref6\">[6]<\/a> AN, AJ<sup>16<\/sup> 1022. Notes et propositions de l\u2019inspecteur d\u2019acad\u00e9mie. Paris, le 10 f\u00e9vrier 1936.<\/p>\n\n\n\n<p class=\"wp-block-paragraph\"><a href=\"#_ftnref7\">[7]<\/a> AN, AJ<sup>16<\/sup> 1022. Notes et propositions du chef d\u2019\u00e9tablissement. Paris, le 10 janvier 1938.<\/p>\n\n\n\n<p class=\"wp-block-paragraph\"><a href=\"#_ftnref8\">[8]<\/a> Equivalent de chevalier dans l\u2019ordre des Palmes acad\u00e9miques.<\/p>\n\n\n\n<p class=\"wp-block-paragraph\"><a href=\"#_ftnref9\">[9]<\/a> Equivalent d\u2019officier dans l\u2019ordre des Palmes acad\u00e9miques.<\/p>\n\n\n\n<p class=\"wp-block-paragraph\"><a href=\"#_ftnref10\">[10]<\/a> AN, AJ<sup>16<\/sup> 1022. La directrice du lyc\u00e9e Jules-Ferry \u00e0 M. le recteur de l\u2019acad\u00e9mie de Paris. Paris, le 1<sup>er<\/sup> d\u00e9cembre 1938.<\/p>\n\n\n\n<p class=\"wp-block-paragraph\"><a href=\"#_ftnref11\">[11]<\/a> AN, AJ<sup>16<\/sup> 1022. Le recteur de l\u2019acad\u00e9mie de Paris \u00e0 Mme la directrice du lyc\u00e9e Jules-Ferry. Paris, le 5 d\u00e9cembre 1938 (brouillon). \u00ab&nbsp;J\u2019ai appris avec beaucoup de peine le d\u00e9c\u00e8s de Mlle Coulaud. Veuillez transmettre \u00e0 la famille les condol\u00e9ances de l\u2019administration acad\u00e9mique. Cette excellente r\u00e9p\u00e9titrice, dont le d\u00e9vouement et l\u2019attachement pour la maison ne se sont jamais d\u00e9mentis pendant les 20 ann\u00e9es qu\u2019elle y a pass\u00e9s, laissera parmi ses chefs et ses coll\u00e8gues un souvenir particuli\u00e8rement \u00e9mu et de profond respect&nbsp;\u00bb.<\/p>\n","protected":false},"excerpt":{"rendered":"<p>Salle Esther-Coulaud &#8211; Biblioth\u00e8que des professeurs Esther Coulaud na\u00eet le 31 janvier 1885 au Dorat (Haute-Vienne), de Jean-Baptiste, Joseph, Coulaud, charron-forgeron, et de Catherine, Jos\u00e9phine, Pravates, \u00e9pici\u00e8re, domicili\u00e9s porte de Dinsac. Au d\u00e9but de sa carri\u00e8re, elle est surveillante au cours secondaires de jeunes filles de la Ch\u00e2tre, o\u00f9 elle demeure apr\u00e8s la transformation en &hellip; <\/p>\n<p class=\"link-more\"><a href=\"https:\/\/lyc-jules-ferry.fr\/?page_id=4218\" class=\"more-link\">Continuer la lecture<span class=\"screen-reader-text\"> de &laquo;&nbsp;Salle Esther-Coulaud &#8211; Biblioth\u00e8que des professeurs&nbsp;&raquo;<\/span><\/a><\/p>\n","protected":false},"author":237379862,"featured_media":0,"parent":4191,"menu_order":0,"comment_status":"closed","ping_status":"closed","template":"","meta":{"_crdt_document":"","advanced_seo_description":"","jetpack_seo_html_title":"","jetpack_seo_noindex":false,"footnotes":""},"class_list":["post-4218","page","type-page","status-publish","hentry"],"jetpack_shortlink":"https:\/\/wp.me\/PeXVPZ-162","jetpack-related-posts":[{"id":4517,"url":"https:\/\/lyc-jules-ferry.fr\/?page_id=4517","url_meta":{"origin":4218,"position":0},"title":"Plan du site","author":"ce0750669v","date":"28 Mai 2013","format":false,"excerpt":"PLAN DU SITE ACCUEIL L'\u00c9TABLISSEMENT Organigramme Info Ferry Conseil d'administration Histoire Historique Lieux de m\u00e9moire M\u00e9morial des \u00e9l\u00e8ves d\u00e9port\u00e9es en 1942-1944 Salle Esther-Coulaud - Biblioth\u00e8que des professeurs Salle Jacqueline-Hamet - Salle du Conseil Photographies anciennes Directrices et proviseurs depuis 1913 Comm\u00e9morations de la Seconde Guerre mondiale (2022-2025) LYC\u00c9E ET COLL\u00c8GE\u2026","rel":"","context":"Article similaire","block_context":{"text":"Article similaire","link":""},"img":{"alt_text":"","src":"","width":0,"height":0},"classes":[]},{"id":4191,"url":"https:\/\/lyc-jules-ferry.fr\/?page_id=4191","url_meta":{"origin":4218,"position":1},"title":"Lieux de m\u00e9moire","author":"ce0750669v","date":"6 F\u00e9v 2021","format":false,"excerpt":"Lieux de m\u00e9moire M\u00e9morial des \u00e9l\u00e8ves d\u00e9port\u00e9es en 1942-1944 Salle Esther-Coulaud - Biblioth\u00e8que des professeurs Salle Jacqueline-Hamet - Salle des Actes","rel":"","context":"Article similaire","block_context":{"text":"Article similaire","link":""},"img":{"alt_text":"","src":"","width":0,"height":0},"classes":[]},{"id":4184,"url":"https:\/\/lyc-jules-ferry.fr\/?page_id=4184","url_meta":{"origin":4218,"position":2},"title":"Histoire","author":"ce0750669v","date":"28 D\u00e9c 2020","format":false,"excerpt":"Histoire Historique Directrices et proviseurs depuis 1913 Lieux de m\u00e9moire M\u00e9morial des \u00e9l\u00e8ves d\u00e9port\u00e9es en 1942-1944Salle Esther-Coulaud - Biblioth\u00e8que des professeursSalle Jacqueline-Hamet - Salle des Actes Photographies anciennes Chronologie et documents","rel":"","context":"Article similaire","block_context":{"text":"Article similaire","link":""},"img":{"alt_text":"","src":"","width":0,"height":0},"classes":[]},{"id":4185,"url":"https:\/\/lyc-jules-ferry.fr\/?page_id=4185","url_meta":{"origin":4218,"position":3},"title":"Historique","author":"ce0750669v","date":"27 D\u00e9c 2020","format":false,"excerpt":"HISTORIQUE AVANT LE LYC\u00c9E (1869-1912) En 1869, la congr\u00e9gation des Dames Z\u00e9latrices de la Sainte-Eucharistie ach\u00e8te un terrain situ\u00e9 \u00e0 l'angle de l'actuel boulevard de Clichy et de la rue de Douai ; elle y b\u00e2tit un couvent et une chapelle. En 1901, la congr\u00e9gation est dissoute en vertu des\u2026","rel":"","context":"Article similaire","block_context":{"text":"Article similaire","link":""},"img":{"alt_text":"","src":"","width":0,"height":0},"classes":[]},{"id":4221,"url":"https:\/\/lyc-jules-ferry.fr\/?page_id=4221","url_meta":{"origin":4218,"position":4},"title":"Salle Jacqueline-Hamet &#8211; Salle du Conseil","author":"ce0750669v","date":"6 F\u00e9v 2021","format":false,"excerpt":"Salle Jacqueline-Hamet - Salle du Conseil Jacqueline Hamet, n\u00e9e Rabat\u00e9, lorsqu'elle \u00e9tait censeur du lyc\u00e9e Jules-Ferry. AN, F17 27408 Jacqueline Rabat\u00e9 na\u00eet le 9 septembre 1914 \u00e0 Ablon-sur-Seine (Seine-et-Oise), de Jacques Rabat\u00e9, employ\u00e9 d\u2019assurances, et de Marcelle Hermann, sans profession, domicili\u00e9s 10 rue de Paris[1]. Son p\u00e8re, Jacques Rabat\u00e9 na\u00eet\u2026","rel":"","context":"Article similaire","block_context":{"text":"Article similaire","link":""},"img":{"alt_text":"","src":"https:\/\/i0.wp.com\/lyc-jules-ferry.fr\/wp-content\/uploads\/2021\/02\/JacquelineHamet.png?resize=350%2C200&ssl=1","width":350,"height":200},"classes":[]},{"id":4190,"url":"https:\/\/lyc-jules-ferry.fr\/?page_id=4190","url_meta":{"origin":4218,"position":5},"title":"Directrices et proviseurs depuis 1913","author":"ce0750669v","date":"30 D\u00e9c 2020","format":false,"excerpt":"Directrices (1913-1975) puis Proviseurs (depuis 1975) 1913-1919 \u2014 Anne Amieux Le cinquantenaire de l'\u00e9cole de S\u00e8vres (1881-1931), Paris, Printori, 1931. Anne Amieux na\u00eet le 18 juin 1871 \u00e0 Lyon (Rh\u00f4ne). Elle est admise en 1889 \u00e0 l'Ecole normale sup\u00e9rieure secondaire de jeunes filles, \u00e0 S\u00e8vres, dont elle sort en 1891.\u2026","rel":"","context":"Article similaire","block_context":{"text":"Article similaire","link":""},"img":{"alt_text":"","src":"https:\/\/i0.wp.com\/lyc-jules-ferry.fr\/wp-content\/uploads\/2020\/12\/Anne-Amieux-239x300-1.png?resize=350%2C200&ssl=1","width":350,"height":200},"classes":[]}],"jetpack_sharing_enabled":true,"_links":{"self":[{"href":"https:\/\/lyc-jules-ferry.fr\/index.php?rest_route=\/wp\/v2\/pages\/4218","targetHints":{"allow":["GET"]}}],"collection":[{"href":"https:\/\/lyc-jules-ferry.fr\/index.php?rest_route=\/wp\/v2\/pages"}],"about":[{"href":"https:\/\/lyc-jules-ferry.fr\/index.php?rest_route=\/wp\/v2\/types\/page"}],"author":[{"embeddable":true,"href":"https:\/\/lyc-jules-ferry.fr\/index.php?rest_route=\/wp\/v2\/users\/237379862"}],"replies":[{"embeddable":true,"href":"https:\/\/lyc-jules-ferry.fr\/index.php?rest_route=%2Fwp%2Fv2%2Fcomments&post=4218"}],"version-history":[{"count":1,"href":"https:\/\/lyc-jules-ferry.fr\/index.php?rest_route=\/wp\/v2\/pages\/4218\/revisions"}],"predecessor-version":[{"id":6514,"href":"https:\/\/lyc-jules-ferry.fr\/index.php?rest_route=\/wp\/v2\/pages\/4218\/revisions\/6514"}],"up":[{"embeddable":true,"href":"https:\/\/lyc-jules-ferry.fr\/index.php?rest_route=\/wp\/v2\/pages\/4191"}],"wp:attachment":[{"href":"https:\/\/lyc-jules-ferry.fr\/index.php?rest_route=%2Fwp%2Fv2%2Fmedia&parent=4218"}],"curies":[{"name":"wp","href":"https:\/\/api.w.org\/{rel}","templated":true}]}}